pose j + 4*f + 1510 = -0*f, 4*j + 4*f + 6028 = 0. Let a = -1046 - j. Suppose -2*p - 2*p + a = 0. Is p prime?
False
Let t = 166 + -51. Is t a prime number?
False
Suppose 4*l = 2298 + 5066. Is l a composite number?
True
Let q = 12 - 10. Suppose -x + 50 = 2*c, -5*c + 107 = -0*x - q*x. Is c prime?
True
Let c = -6100 - -8709. Is c prime?
True
Let v(x) = 2*x**2 - 3*x + 3. Let d be v(2). Let u = -7 - -11. Suppose d*i + 112 = 3*y, u*y + i - 194 + 37 = 0. Is y a composite number?
True
Is (-8)/(-40) + 3388/10 composite?
True
Suppose 0 = 5*i + c - 69, 0 = -2*i - 3*c + 39 - 1. Is i prime?
True
Let g = 1260 + -779. Is g a composite number?
True
Is (-1048)/12*(-15)/10 a prime number?
True
Let j = -6 - -8. Let a be 2 + 0 - (j - 4). Suppose 0*o = -a*o + 332. Is o a composite number?
False
Is 2*2/4*(329 + 2) composite?
False
Let y = -560 + 952. Suppose a + 192 = 2*j, -a = -4*j - 3*a + y. Is j a prime number?
True
Suppose 3166 = 5*x - 1029. Is x a composite number?
False
Suppose -3*g - 7 = -x - 1, -2*g = -x + 7. Suppose 4*a = a + x. Is (-3)/a + (-27)/(-1) prime?
False
Suppose 0 = 3*z + 2*z - 3*q - 204, 114 = 3*z + q. Suppose -4*g + g = -z. Is (-11 - -1)*g/(-2) a prime number?
False
Suppose 2*n = -n + 873. Is n a composite number?
True
Suppose -2*j - 10 = -4. Let z(c) = -21*c**3 - 2*c**2 - c + 1. Is z(j) prime?
False
Suppose -16 - 250 = 2*s. Let o be 1/(-3) + s/(-3). Suppose 0 = 2*q - 0*q - o. Is q composite?
True
Let n(b) = b**3 + 2*b**2 + 4*b - 1. Let d be n(4). Suppose 40 - d = -w. Let j = 126 - w. Is j a composite number?
True
Let s(f) = 42*f - 5. Let z(o) = -2*o - 10. Let t be z(-7). Let l = t + 0. Is s(l) a prime number?
True
Suppose -5*z = -127 - 148. Is z a composite number?
True
Suppose -3*g - 6 + 3 = 0. Let u(y) = -6*y**2 + 2*y + 1. Let v be u(g). Let p = v - -40. Is p a prime number?
False
Suppose 20 = -4*w, 5*f - 2*w = -0*f + 105. Is f composite?
False
Suppose -6*t + 2*t + 8 = 0, -t = -f + 201. Is f a prime number?
False
Let y(d) = 34*d. Let l be y(-5). Let n = -110 - l. Let r = 143 + n. Is r prime?
False
Suppose 7*d - 3*d = 0. Suppose -r + 55 = -d. Is r prime?
False
Suppose -g - 2*n - 3*n - 31 = 0, -n = 5. Is -22*(0 - (-15)/g) composite?
True
Suppose 5*y + 0*y = 0. Is (-118)/((-2)/(1 + y)) a prime number?
True
Suppose -3*k + 22 = -3*a + 7*a, -a = 2. Suppose 0 = -2*f + n + 43, 3*n + 14 = f - k. Is f composite?
True
Let q(z) = -1 - 4*z + 1 - 3. Let s(v) = -2*v**2 + 14*v + 12. Let y be s(8). Is q(y) composite?
False
Suppose 11*f - 784 - 965 = 0. Is f a prime number?
False
Suppose b = -2*k + 1, 3*k - 3*b - 9 = 5*k. Suppose 2*o - 186 = -p + 53, 5*o - k*p - 581 = 0. Is o a composite number?
True
Suppose 2*p = 358 - 80. Is p a prime number?
True
Suppose -q + 2 = 14. Let w be 20/8*q/(-15). Suppose -2*x = 2 - 0, 0 = w*y - 3*x - 45. Is y a prime number?
False
Let y = 108 - -571. Is y a prime number?
False
Let k(z) = z**2 + 4. Let x be k(8). Suppose 3*r = -2*t - x, -4*r + 4*t = t + 119. Let m = r + 41. Is m a prime number?
False
Suppose -3*p + 1440 = -p - 3*j, 2*j + 3611 = 5*p. Is p a prime number?
False
Let i(r) = 15*r**2 - 8*r + 15. Is i(4) composite?
False
Let g = 197 - -662. Is g prime?
True
Let t be 4/(-6)*(-6 - -3). Suppose -z + 2*z + 230 = 2*o, 3*z = -t*o + 230. Is o composite?
True
Let q(t) = -11*t - 1. Is q(-12) prime?
True
Let k(v) be the second derivative of 40*v**4/3 + v**3/6 - v**2/2 + 5*v. Is k(2) a composite number?
False
Suppose 4*q = 2*q - 16. Let w be 2*-8*q/(-16). Is 257/7 - w/28 composite?
False
Let c(s) = -18*s - 7. Is c(-3) a prime number?
True
Let z(i) = -2*i**3 + 6*i**2 - 5*i - 7. Is z(-6) a composite number?
True
Let c = 5 + -5. Suppose c = 2*j - m - 114, 6*j - 2*j + 3*m - 228 = 0. Is j composite?
True
Let x(a) be the first derivative of 2*a**3 - a**2 - 3*a + 7. Is x(-2) composite?
True
Let z = 26 + -43. Let q = -14 - z. Is q composite?
False
Suppose 9 - 44 = w. Let g = w - -150. Suppose 8*d - g = 3*d. Is d a composite number?
False
Is (-17)/2*(-4 - 10) prime?
False
Let c be (-2)/(-8) + (-294)/(-8). Suppose -54 = 5*y - 2*y. Let f = y + c. Is f a prime number?
True
Let v be (-3)/12 - (-34)/8. Suppose -9 = -2*i - i, 3*q - 60 = i. Suppose o = v*o - q. Is o composite?
False
Let w(p) = 1945*p**2 - p - 3. Is w(-1) prime?
False
Let c be ((-3)/(-2))/((-9)/(-348)). Let m = 249 - c. Is m a composite number?
False
Suppose 1445 = -3*z - 238. Let r = -92 - z. Is r a prime number?
False
Suppose 1 + 1 = v. Let b be 13/v + (-4)/(-8). Let t(m) = -m**2 + 8*m - 5. Is t(b) composite?
False
Suppose 4*r + r - 2010 = 0. Let y = r - 95. Is y a prime number?
True
Suppose -h = -2*y - 0*y - 457, y + 1386 = 3*h. Suppose -3*o + h = 4*g, -2*g = g + 6. Is o composite?
False
Let a be (-12)/(-3)*38/(-4). Let j be a/4 - (-2)/4. Is (-3)/(j/339) - 0 a prime number?
True
Suppose -4*x = 3*w - 28, -3*x + 12 = x - w. Suppose 3*h = x*o + 399, 0 = 5*h + 5*o - o - 665. Is h a prime number?
False
Suppose 2*r = -2*f - 0 - 38, -5*f = -10. Let j = -8 - 0. Let m = j - r. Is m prime?
True
Let z = -2 - 8. Let f = -21 - z. Let t = 8 - f. Is t composite?
False
Suppose -5*c - 9 = -134. Suppose 5*i - 10 = -2*m, -5*i - c = -0*i - 5*m. Suppose -j + 5 = i, -8*b + 3*b - 4*j = -90. Is b a prime number?
False
Is 2/10 - 846/(-45) a prime number?
True
Suppose 4*c = 5*c - 673. Is c a prime number?
True
Suppose -2*p + 0*p = 0, 5*q + 30 = 5*p. Let b = q - -8. Suppose -3*j + b*f = -163 - 44, 0 = f. Is j a composite number?
True
Let y(g) = -g**2 + 5 - 2 - 4*g + 3. Let l be y(-6). Is (-4)/l - 21/(-9) prime?
True
Suppose -113 = -5*h - 3*n, 26 = -h + 2*h + 4*n. Is h a prime number?
False
Let u = -291 + 482. Is u a prime number?
True
Let k = -366 - -204. Let x = k - -509. Is x a prime number?
True
Let m(t) = -17*t + 4. Is m(-3) composite?
True
Suppose -4*t + 640 = -436. Is t prime?
True
Let d(j) = -130*j**3 - j - 1 - 2*j + j**2 + 2*j. Is d(-1) a composite number?
False
Suppose -g + k - 11 = 0, 25 = -4*g - g - 5*k. Let q(v) = -17*v - 5. Is q(g) a composite number?
False
Suppose 0 = -4*w - 0*w + 192. Is w*(-3 - -4) + -1 a prime number?
True
Suppose -1 - 5 = k. Let j be k/15 + 23/(-5). Let a(w) = -8*w - 3. Is a(j) prime?
True
Let z(o) = -o**3 - 5*o**2 + o + 1. Let b(c) = -c - 3. Let g be b(-7). Suppose -g*r - 30 = r. Is z(r) a composite number?
False
Let u(y) = -y**3 + y**2 - y + 2. Let k(s) = s**3 - s**2 + s - 1. Let c(w) = 5*k(w) + 6*u(w). Let g(a) = a**2 - 7*a + 6. Let j be g(6). Is c(j) a prime number?
True
Let b = 62 + -21. Suppose b = -5*n + 116. Is n prime?
False
Suppose -2*y + 3*a = 3*y - 28, 4*a = 3*y - 19. Suppose 4*k - y - 7 = 0. Is (-321)/(-15) + k/5 prime?
False
Let j be 22/(-33)*(-30)/4. Suppose j*t - t - 388 = 0. Is t a prime number?
True
Let d(v) be the first derivative of 8*v**3/3 - 5*v**2/2 + 3*v + 4. Is d(4) a prime number?
False
Suppose 163 = 7*p - 10638. Is p prime?
True
Suppose -3*p - b = -3*b - 1685, p = b + 561. Is p composite?
False
Let g(f) = -3*f + 4 + 4*f**2 - 3 - f**2. Let b be g(4). Suppose -2*t + t + b = 0. Is t a composite number?
False
Let q = -86 + 231. Is q a prime number?
False
Let n(p) = 35*p**2 + 5*p + 3. Is n(-1) composite?
True
Is 3 + -5 + 23 - -2 a prime number?
True
Suppose 28 = 4*y - 2*k, -5*k = 4*y - 0*k - 14. Suppose -y = 2*u - 4*w, 0*u + 12 = 3*u + w. Is (26 - 0)*(4 - u) prime?
False
Let u(k) = -3*k**2 + 9*k - 3. Let v(c) = 8*c**2 - 26*c + 8. Let m(f) = -11*u(f) - 4*v(f). Is m(-8) composite?
True
Let m(d) = -3*d**3 + 8*d**2 + d + 17. Is m(-5) a prime number?
True
Suppose 3*t + 2*t = -15. Let r(m) = -4*m**3 + 2*m**2 + 1. Is r(t) composite?
False
Let b be ((-15)/(-6))/(2/4). Suppose -3*s + 2*c + 84 = b*c, -3*s = 5*c - 86. Let j = s - -10. Is j prime?
True
Let r(y) = 73*y**2 + y + 2. Let v be r(-3). Let i = v + -355. Is i prime?
False
Let o(h) = -h**3 - 2*h**2 + 3*h - 5. Let j be o(-4). Suppose 0*c - c = -j. Is c a prime number?
False
Let b(r) = r**2 + 112. Let f be b(0). Let z = -59 + f. Is z composite?
False
Let i = 721 + -216. Is i composite?
True
Let q = -7 - -11. Suppose -j = -5*j, -i = q*j. Let b(v) = v + 13. Is b(i) prime?
True
Suppose 0 = 2*q - x + 2, 2*q + x = 6. Let k(y) = 211*y**2 - 2*y + 2. Is k(q) prime?
True
Let o(j) = -110*j + 3. Is o(-4) a composite number?
False
Suppose -5*s = -3*t + 53 - 15, -5*s + 10 = 5*t. Is (-12)/t - 133*-1 a composite num